39 = 159, 3*y = -c + 3843. List the prime factors of c.
3, 1277
Let l = -12083 + 17140. What are the prime factors of l?
13, 389
Suppose -4*k - 16 = -4, 2*r - 95 = -k. Let b = 640 - 628. Suppose 0 = -4*z + 8 + b, -c + r = z. What are the prime factors of c?
2, 11
Suppose -5*z = 4*t + 112, 0*z + 3*t = -2*z - 42. Let o be (-88)/z - 4/6. Suppose o*d - 2*v - 26 = 65, 5*d - 156 = -v. List the prime factors of d.
31
Suppose -305 = -5*m - 2*o - 19, -5*m + 4*o = -268. Suppose 12*b - 10*b - m = 0. What are the prime factors of b?
2, 7
Let i be (2 + 93)*(-4)/(-20). Let y = -2 - -6. Suppose 0 = y*k - 3*k - i. List the prime factors of k.
19
List the prime factors of 4056/5 - (-5)/(-25).
811
Suppose -5*m + 4*u + 16115 = 0, 3*m - 8376 = -2*u + 1271. List the prime factors of m.
3, 29, 37
Let g(w) = -w**2 + 6*w. Let o be g(6). Suppose d - 1 - 4 = o. What are the prime factors of (-2)/d + 160/25?
2, 3
Let c(r) = 340*r**2 - 10*r + 13. List the prime factors of c(2).
3, 11, 41
Let p(b) = 610*b - 607. List the prime factors of p(6).
43, 71
What are the prime factors of 100/75 - (-3)/((-27)/(-33099))?
13, 283
Suppose -13 + 5 = 4*n. Let f = n - -5. Suppose s - 64 = -4*o, -4*s + 19 = f. What are the prime factors of o?
3, 5
List the prime factors of 60/(21/7)*(-974)/(-5).
2, 487
Suppose 0 = 2*y - 10 - 2. Let o be ((-16)/12)/(y/(-684)). Suppose l + m = 77, -2*l - 5*m + o = -m. What are the prime factors of l?
2, 3, 13
Suppose 3*s + 1 = 7. Suppose 0 = s*r + 2*r - 104. List the prime factors of r.
2, 13
Let s(n) = -n**2 + 3*n - 4. Let l be s(3). What are the prime factors of ((-88)/(-3))/l*(1 - 4)?
2, 11
Let i be 7 + 4 + (-1 - 1). Suppose 4*m + 1650 = i*m. Suppose 0 = -4*d - w + 277, 4*d - m = -d + 2*w. List the prime factors of d.
2, 17
Suppose 393366 = 56*z + 50*z. What are the prime factors of z?
3, 1237
Let b(w) = 38*w**2 - w - 1. Let t(z) = -z**3 - 2*z**2 + 2*z + 3. Let m be t(-2). Let a be b(m). Suppose -a = -5*h + 32. List the prime factors of h.
2, 7
Let l(i) = -i**2 - i + 3. Let w be l(-4). Let s = w + 13. Let r = s + 35. What are the prime factors of r?
3, 13
Let j = -9 - -14. Suppose j = -5*r - 0, -3*c + r = -16. Suppose -4*f - v = -96, c*f - 3*v + 35 = 172. What are the prime factors of f?
5
List the prime factors of 306/(-204)*(-7864)/3.
2, 983
Let y(g) = -g**3 - 4*g**2 - g + 7. Let l be y(-3). List the prime factors of 51/(1/(0 + l)) + 1.
2, 13
Suppose 0 = 3*o - o. Suppose -a + q + 5 + 35 = o, -4*a + 153 = 3*q. Suppose -3*x - a = -b - 0*x, 3*x + 9 = 0. What are the prime factors of b?
2, 3, 5
What are the prime factors of 3942/63*21/6?
3, 73
Let d be -33 + 33 + (1 - (0 - 1)). Suppose 162 = -0*g + 2*g + 4*m, d*m - 263 = -3*g. List the prime factors of g.
7, 13
Suppose q - 24 = -20, 4*y + 2*q = 400. List the prime factors of y.
2, 7
Suppose -5*u + 12750 = 5*d, -5*u = -4*d - 2827 + 13063. List the prime factors of d.
2, 1277
Suppose 0 = -2*q - 3*q - 15, -3674 = -5*r + 3*q. List the prime factors of r.
733
Let x(t) = 278*t**2 - 5*t - 2. List the prime factors of x(-1).
281
Suppose 0 = 2*n - 7 - 19. Suppose -15 = -2*q + n. What are the prime factors of q?
2, 7
Let y = -988 + 1789. What are the prime factors of y?
3, 89
Let a(i) be the second derivative of -i**5/20 - i**4/12 + i**3/2 - i**2/2 + 4*i. List the prime factors of a(-4).
5, 7
Suppose -50 = -494*i + 493*i. List the prime factors of i.
2, 5
Let v(w) = -52*w - 94. What are the prime factors of v(-16)?
2, 3, 41
Let f = -17 + 17. Suppose f = 3*g + 2*n - 2, 0 = 4*g + 3*n - 4 + 2. Suppose 128 = 4*m + c, -96 = -3*m - g*c + c. List the prime factors of m.
2
Suppose 10 = 5*k - 10. Let l(u) be the first derivative of 7*u**2/2 - 3*u - 82. What are the prime factors of l(k)?
5
Let b(k) = -k**3 + 7*k**2 + 9*k - 3. List the prime factors of b(5).
2, 23
List the prime factors of 9069/27 - (-40)/36.
337
Let f be (1 + 0)*(-15)/(-5). Let k be (3/(-6))/(f/(-24)). Suppose -k*n + 80 = -56. What are the prime factors of n?
2, 17
Let h(n) = -n**3 - 5*n**2 + 9*n - 2. Let f be h(-9). Suppose -2*w - 381 = -5*z, 3*z - f = -2*w - 22. What are the prime factors of z?
3, 5
Suppose 0 = 5*o + 2*k - 378, 3*o + 0*k - 242 = -5*k. Suppose o = 3*u - 61. Suppose -u = 5*t - 3*q - 185, t = 4*q + 45. List the prime factors of t.
5
Let z(t) = t**3 + 26*t**2 + t - 82. Let g be z(-26). Suppose 4*o + 140 = -2*r, 0 = 5*r - 10*r + 5*o - 290. Let u = r - g. What are the prime factors of u?
2, 23
Suppose -29*p + 31*p - 6 = 0. Suppose -347 = -3*m - y - 86, -261 = -p*m + y. What are the prime factors of m?
3, 29
Suppose -7*a + 9*a = -4. Let t(h) = -1. Let c(g) = -9*g - 4. Let z(f) = c(f) - 3*t(f). What are the prime factors of z(a)?
17
Let r = -4676 + 8808. List the prime factors of r.
2, 1033
Let x = -1 - 7. Let v(g) be the first derivative of -g**2 - 11*g - 26. List the prime factors of v(x).
5
Suppose -3*d + 6 = -0*d. Suppose 0 = d*n - 4, -2*t + 3*t - n = 45. Suppose 4*k = -m + t, -m + 4*k + 141 = 2*m. List the prime factors of m.
47
Let k(i) = 12*i**2 - 39*i + 99. What are the prime factors of k(3)?
2, 3, 5
Let p(b) = -33*b + 22. Let q be p(-8). Let f = -161 + q. What are the prime factors of f?
5
Let f(j) = 3*j**2 - 9*j - 3. Let o(g) = g**3 - 17*g**2 - 20*g + 32. Let p be o(18). What are the prime factors of f(p)?
3
Let o = 50 + -35. Suppose b - o = -2*v, 5*v - 3*b - 45 = -4*b. List the prime factors of v.
2, 5
Let m = 6 + -2. Suppose 0 = u, 17 = 3*l - 5*u + 2. Suppose -4*q + 35 = l*d, m*q - 12 = -4*d + 28. List the prime factors of q.
3, 5
Suppose -5*z = -5*y - 10, -5*z + 3*z - 5*y + 4 = 0. Suppose -x = z*x + 24. Let i(j) = -3*j - 6. What are the prime factors of i(x)?
2, 3
Suppose -11 + 29 = 2*z. Let r be 3 - 3/(z/(-294)). Suppose -4*o + 2*q = -98, -4*o - q = -2*q - r. What are the prime factors of o?
2, 13
Let h = 326 + 1436. List the prime factors of h.
2, 881
Let f = -3 - 6. Let k(y) = y + 64. List the prime factors of k(f).
5, 11
Let r(w) = -64*w - 11. Let v(g) = 21*g + 4. Let z(y) = -6*r(y) - 17*v(y). Let s = 1 - -1. What are the prime factors of z(s)?
2, 13
Suppose 4*x = -3*f + 1892, -1586 = -4*f + 3*x + 920. List the prime factors of f.
2, 157
Let i = -13 + 19. Let o(y) = -y + 8. Let z be o(i). Suppose f = z*f - 27. What are the prime factors of f?
3
Let s be (-14)/2 + (-3)/3. Let q = s - -19. List the prime factors of q.
11
Let w(y) = y**3 - 8*y**2 - 6*y - 4. Let t be w(7). List the prime factors of (-2 + t)*(1 + -2).
97
Suppose -5*u + 24 = -6. Suppose -4*q + u = -10. Suppose -q*s - 7 = 3*v, -3*s - 4 = -2*s. What are the prime factors of v?
3
Let f be (32/10)/((-4)/(-20)). Let c be f/(-72) - 58/(-18). Suppose i - 28 = -x - c*x, -5*x = -4*i - 35. List the prime factors of x.
7
Let s be ((-3)/6)/(-1)*(-3 + 3). Suppose 0*n - n + 29 = s. What are the prime factors of n?
29
Suppose 3*b - o = -14, 4 = -b + o - 2. Let m be b/((-36)/(-21))*-3. List the prime factors of (-1)/(3 + -2) + m.
2, 3
Let h(o) = -o - 8. Let y be h(-8). Suppose -3*q + 87 + 33 = y. Suppose -q + 185 = 5*k. List the prime factors of k.
29
Let u(g) = g**2 + 11*g + 4. Suppose m + 15 = v + 4*m, 0 = 5*v - 2*m - 41. Suppose -26 = -7*k + v*k. What are the prime factors of u(k)?
2, 3, 5
Let f = -201 - -290. List the prime factors of f.
89
Let m be ((-2)/(-6))/(2/18). Suppose -j + 47 = -m*n + n, 2*j = -4*n + 134. What are the prime factors of j?
3, 19
Let m = -73 - -1490. What are the prime factors of m?
13, 109
Let s be 426/27 - 4/(-18). List the prime factors of (s/6 + 0)*(-513)/(-12).
2, 3, 19
Let p(o) = -3*o + 20. Let f(x) = -2*x**2 - 9*x + 9. Let l be f(-6). List the prime factors of p(l).
47
Let h = 27 - 27. Suppose 2*l + 7 - 9 = h. Suppose -55 = -4*p + l. List the prime factors of p.
2, 7
Let t be 8/14 - 136/(-56). Suppose -r - t*r = g - 191, -4*r + 193 = -g. List the prime factors of r.
2, 3
Suppose 4*x - 10 = -x. Suppose x*u = 5*u - 135. Suppose -9 - u = -3*n. List the prime factors of n.
2, 3
Let m be 2 - -1 - 1*(-2 - -2). Suppose -94 = -r - 4*c, 4*r + 3*c - 95 = m*r. List the prime factors of r.
2, 7
Suppose -4*y + 4*o = -40, o - 6*o + 27 = 2*y. Let p be (-3 - 1)*y/4. Let u = -9 - p. What are the prime factors of u?
2
Let b(h) be the first derivative of -h**2/2 + 7*h + 3. Let u be b(4). Suppose 9 = -u*x + 96. What are the prime factors of x?
29
Let p be 8634/9 - (